{"id":1323,"date":"2018-08-31T15:16:40","date_gmt":"2018-08-31T18:16:40","guid":{"rendered":"https:\/\/isp10-sfe.infd.edu.ar\/sitio\/datos-institucionales\/"},"modified":"2025-10-08T15:06:56","modified_gmt":"2025-10-08T18:06:56","slug":"datos-institucionales","status":"publish","type":"page","link":"https:\/\/isp10-sfe.infd.edu.ar\/sitio\/datos-institucionales\/","title":{"rendered":"Sedes"},"content":{"rendered":"\n<p class=\"has-base-3-color has-midnight-gradient-background has-text-color has-background has-medium-font-size\"><strong>Sede Central &#8211; Helvecia<\/strong><\/p>\n\n\n\n<iframe src=\"https:\/\/www.google.com\/maps\/embed?pb=!1m18!1m12!1m3!1d3416.3978930539406!2d-60.086474084859695!3d-31.09867128151114!2m3!1f0!2f0!3f0!3m2!1i1024!2i768!4f13.1!3m3!1m2!1s0x95b4bdbcaf19e629%3A0x301a9a0b146ece55!2sISP10%E2%94%82Mateo%20Booz!5e0!3m2!1ses!2sar!4v1635968926877!5m2!1ses!2sar\" width=\"600\" height=\"450\" style=\"border:0;\" allowfullscreen=\"\" loading=\"lazy\"><\/iframe>\n\n\n<h5><span style=\"font-size: 10pt; font-family: verdana;\">Horarios de atenci\u00f3n: 14h 30 a 20 h.<\/span><\/h5>\n<h6><span style=\"font-size: 10pt; font-family: verdana;\">Direcci\u00f3n:&nbsp; Presidente Ra\u00fal Alfons\u00edn N\u00ba 1080. Helvecia. Departamento Garay. CP. 3003<\/span><\/h6>\n<h5><span style=\"font-size: 10pt; font-family: verdana;\">Tel\u00e9fono: 03405-470611<\/span><\/h5>\n<h6><span style=\"font-size: 10pt; font-family: verdana;\">E-mail de consultas: <a href=\"mailto:isp10helvecia@gmail.com\" target=\"_blank\" rel=\"noopener\">isp10helvecia@gmail.com<\/a><\/span><\/h6>\n<h4><span style=\"font-size: 10pt; font-family: verdana;\">Carreras:<\/span><\/h4>\n<h5><strong><a style=\"font-size: revert;\" href=\"https:\/\/isp10-sfe.infd.edu.ar\/sitio\/profesorado-de-primaria\/\" target=\"_blank\" rel=\"noopener\"><span style=\"font-size: 10pt; font-family: verdana;\"><span style=\"color: #000080;\">Profesorado en Nivel<\/span><\/span><\/a><\/strong><a style=\"font-size: revert;\" href=\"https:\/\/isp10-sfe.infd.edu.ar\/sitio\/profesorado-de-primaria\/\" target=\"_blank\" rel=\"noopener\"><span style=\"font-size: 10pt; font-family: verdana;\"><span style=\"color: #000080;\"> Prima<\/span><\/span><\/a><a style=\"font-size: revert;\" href=\"https:\/\/isp10-sfe.infd.edu.ar\/sitio\/profesorado-de-primaria\/\" target=\"_blank\" rel=\"noopener\"><span style=\"font-size: 10pt; font-family: verdana;\"><span style=\"color: #000080;\">rio<\/span><\/span><\/a><\/h5>\n<h6><a style=\"font-size: revert;\" href=\"https:\/\/isp10-sfe.infd.edu.ar\/sitio\/profesorado-de-biologia\/\" target=\"_blank\" rel=\"noopener\"><span style=\"font-size: 10pt; font-family: verdana;\"><span style=\"color: #000080;\">Profesorado en Biolog\u00eda<\/span><\/span><\/a><\/h6>\n<h6><a style=\"font-size: revert;\" href=\"https:\/\/isp10-sfe.infd.edu.ar\/sitio\/turismo\/\" target=\"_blank\" rel=\"noopener\"><span style=\"font-size: 10pt; font-family: verdana;\"><span style=\"color: #000080;\">Tecnicatura Superior en Turismo<\/span><\/span><\/a><\/h6>\n<h6><a style=\"font-size: revert;\" href=\"https:\/\/isp10-sfe.infd.edu.ar\/sitio\/agro\/\" target=\"_blank\" rel=\"noopener\"><span style=\"font-size: 10pt; font-family: verdana;\"><span style=\"color: #000080;\">Tecnicatura Superior en Agronegocios<\/span><\/span><\/a><\/h6>\n<p><\/p>\n\n\n<p class=\"has-base-3-color has-midnight-gradient-background has-text-color has-background has-medium-font-size\"><strong>Extensi\u00f3n A\u00falica Santa Fe<\/strong><\/p>\n\n\n\n<p><strong>Horarios de atenci\u00f3n: 18h 30 a 20.00 h<\/strong>.<\/p>\n\n\n\n<p><strong>Direcci\u00f3n: &nbsp;Av. General Paz 5330. Santa Fe. Departamento La Capital. CP. 3000<\/strong>.<\/p>\n\n\n\n<p><strong>Tel\u00e9fono:<\/strong> <\/p>\n\n\n\n<p><strong>E-mail de consultas:<\/strong>&nbsp;<a href=\"mailto:inscripcionturismomateobooz@gmail.com\">inscripcionturismomateobooz@gmail.com<\/a> \/ isp10hoteleriasfe@gmail.com  <\/p>\n\n\n\n<p><strong>Carreras:<\/strong><\/p>\n\n\n\n<p><a rel=\"noreferrer noopener\" href=\"https:\/\/isp10-sfe.infd.edu.ar\/sitio\/turismo\/\" target=\"_blank\">Tecnicatura Superior en Turismo<\/a>   <\/p>\n\n\n\n<p><a rel=\"noreferrer noopener\" href=\"https:\/\/isp10-sfe.infd.edu.ar\/sitio\/hoteleria-2\/\" target=\"_blank\">Tecnicatura Superior en Hoteler\u00eda<\/a><\/p>\n\n\n\n<iframe src=\"https:\/\/www.google.com\/maps\/embed?pb=!1m18!1m12!1m3!1d5713.860942433583!2d-60.690415275467195!3d-31.620649572260092!2m3!1f0!2f0!3f0!3m2!1i1024!2i768!4f13.1!3m3!1m2!1s0x95b5a9399c61a7f1%3A0xb21bd663ca1c8ee1!2sISP10%E2%94%82Mateo%20Booz%20%E2%94%82Carreras%20de%20Nivel%20Superior%E2%94%82Santa%20Fe!5e0!3m2!1ses!2sar!4v1695838027632!5m2!1ses!2sar\" width=\"600\" height=\"450\" style=\"border:0;\" allowfullscreen=\"\" loading=\"lazy\" referrerpolicy=\"no-referrer-when-downgrade\"><\/iframe>\n\n\n\n<p class=\"has-base-3-color has-midnight-gradient-background has-text-color has-background has-medium-font-size\"><strong>Extensi\u00f3n A\u00falica Santa Rosa de Calchines<\/strong><\/p>\n\n\n\n<p><strong>Horarios de atenci\u00f3n: 14 h a 19h<\/strong>.<\/p>\n\n\n\n<p><strong>Direcci\u00f3n:&nbsp; Ruta 1, Km. 42. Santa Rosa de Calchines. Departamento Garay. CP. 3001.<\/strong><\/p>\n\n\n\n<p><strong>Tel\u00e9fono<\/strong>:&nbsp;<\/p>\n\n\n\n<p><strong>E-mail de consultas:&nbsp; <\/strong>&nbsp; <a href=\"mailto:ispanexocalchines@yahoo.com.ar\">ispanexocalchines@yahoo.com.ar<\/a>&nbsp; y&nbsp;&nbsp;<a rel=\"noreferrer noopener\" href=\"mailto:isp10helvecia@gmail.com\" target=\"_blank\">isp10helvecia@gmail.com<\/a>&nbsp;<\/p>\n\n\n\n<p>C<strong>arrera<\/strong><\/p>\n\n\n\n<p> <a rel=\"noreferrer noopener\" href=\"https:\/\/isp10-sfe.infd.edu.ar\/sitio\/gastronomia-2\/\" target=\"_blank\">Tecnicatura Superior en Gastronom\u00eda<\/a><\/p>\n","protected":false},"excerpt":{"rendered":"<p>Sede Central &#8211; Helvecia Horarios de atenci\u00f3n: 14h 30 a 20 h. Direcci\u00f3n:&nbsp; Presidente Ra\u00fal Alfons\u00edn N\u00ba 1080. Helvecia. Departamento Garay. CP. 3003 Tel\u00e9fono: 03405-470611 E-mail de consultas: isp10helvecia@gmail.com Carreras: Profesorado en Nivel Primario Profesorado en Biolog\u00eda Tecnicatura Superior en Turismo Tecnicatura Superior en Agronegocios Extensi\u00f3n A\u00falica Santa Fe Horarios de atenci\u00f3n: 18h 30 a &#8230; <a title=\"Sedes\" class=\"read-more\" href=\"https:\/\/isp10-sfe.infd.edu.ar\/sitio\/datos-institucionales\/\" aria-label=\"More on Sedes\">[+]<\/a><\/p>\n","protected":false},"author":193,"featured_media":0,"parent":0,"menu_order":0,"comment_status":"closed","ping_status":"open","template":"","meta":[],"acf":[],"_links":{"self":[{"href":"https:\/\/isp10-sfe.infd.edu.ar\/sitio\/wp-json\/wp\/v2\/pages\/1323"}],"collection":[{"href":"https:\/\/isp10-sfe.infd.edu.ar\/sitio\/wp-json\/wp\/v2\/pages"}],"about":[{"href":"https:\/\/isp10-sfe.infd.edu.ar\/sitio\/wp-json\/wp\/v2\/types\/page"}],"author":[{"embeddable":true,"href":"https:\/\/isp10-sfe.infd.edu.ar\/sitio\/wp-json\/wp\/v2\/users\/193"}],"replies":[{"embeddable":true,"href":"https:\/\/isp10-sfe.infd.edu.ar\/sitio\/wp-json\/wp\/v2\/comments?post=1323"}],"version-history":[{"count":76,"href":"https:\/\/isp10-sfe.infd.edu.ar\/sitio\/wp-json\/wp\/v2\/pages\/1323\/revisions"}],"predecessor-version":[{"id":4642,"href":"https:\/\/isp10-sfe.infd.edu.ar\/sitio\/wp-json\/wp\/v2\/pages\/1323\/revisions\/4642"}],"wp:attachment":[{"href":"https:\/\/isp10-sfe.infd.edu.ar\/sitio\/wp-json\/wp\/v2\/media?parent=1323"}],"curies":[{"name":"wp","href":"https:\/\/api.w.org\/{rel}","templated":true}]}}