{"id":3284,"date":"2022-10-10T12:52:50","date_gmt":"2022-10-10T15:52:50","guid":{"rendered":"https:\/\/isp10-sfe.infd.edu.ar\/sitio\/?page_id=3284"},"modified":"2022-10-10T12:52:52","modified_gmt":"2022-10-10T15:52:52","slug":"correlatividades-de-t-s-agronegocios","status":"publish","type":"page","link":"https:\/\/isp10-sfe.infd.edu.ar\/sitio\/correlatividades-de-t-s-agronegocios\/","title":{"rendered":"Correlatividades de T.S.Agronegocios"},"content":{"rendered":"\n<figure class=\"wp-block-table is-style-stripes\"><table class=\"has-subtle-pale-green-background-color has-fixed-layout has-background\"><tbody><tr><td><strong>PARA RENDIR\u00a0<\/strong> <\/td><td class=\"has-text-align-center\" data-align=\"center\"><strong>&nbsp; &nbsp; &nbsp; &nbsp; DEBE TENER APROBADA<\/strong><\/td><\/tr><tr><td><strong>Econom\u00eda Agropecuaria I<\/strong><\/td><td class=\"has-text-align-center\" data-align=\"center\">An\u00e1lisis Matem\u00e1tico<\/td><\/tr><tr><td><strong>&nbsp;<\/strong><\/td><td class=\"has-text-align-center\" data-align=\"center\">Legislaci\u00f3n y Pol\u00edtica Agropecuaria<\/td><\/tr><tr><td><strong>&nbsp;<\/strong><\/td><td class=\"has-text-align-center\" data-align=\"center\">&nbsp;<\/td><\/tr><tr><td><strong>Producci\u00f3n Agropecuaria II<\/strong><\/td><td class=\"has-text-align-center\" data-align=\"center\">Producci\u00f3n Agropecuaria I<\/td><\/tr><tr><td><strong>&nbsp;<\/strong><\/td><td class=\"has-text-align-center\" data-align=\"center\">&nbsp;<\/td><\/tr><tr><td><strong>Comercializaci\u00f3n Agropecuaria I<\/strong><\/td><td class=\"has-text-align-center\" data-align=\"center\">Administraci\u00f3n General<\/td><\/tr><tr><td><strong>&nbsp;<\/strong><\/td><td class=\"has-text-align-center\" data-align=\"center\">&nbsp;<\/td><\/tr><tr><td><strong>Probabilidad y Estad\u00edstica<\/strong><\/td><td class=\"has-text-align-center\" data-align=\"center\">An\u00e1lisis Matem\u00e1tico<\/td><\/tr><tr><td><strong>&nbsp;<\/strong><\/td><td class=\"has-text-align-center\" data-align=\"center\">&nbsp;<\/td><\/tr><tr><td><strong>Econom\u00eda Agropecuaria II<\/strong><\/td><td class=\"has-text-align-center\" data-align=\"center\">Econom\u00eda Agropecuaria I<\/td><\/tr><tr><td><strong>&nbsp;<\/strong><\/td><td class=\"has-text-align-center\" data-align=\"center\">&nbsp;<\/td><\/tr><tr><td><strong>Comercializaci\u00f3n Agropecuaria II<\/strong><\/td><td class=\"has-text-align-center\" data-align=\"center\">Comercializaci\u00f3n Agropecuaria I<\/td><\/tr><tr><td><strong>&nbsp;<\/strong><\/td><td class=\"has-text-align-center\" data-align=\"center\">&nbsp;<\/td><\/tr><tr><td><strong>Direcci\u00f3n de Empresas Agropecuarias&nbsp;<\/strong><\/td><td class=\"has-text-align-center\" data-align=\"center\">Producci\u00f3n Agropecuaria II<\/td><\/tr><tr><td><strong>&nbsp;<\/strong><\/td><td class=\"has-text-align-center\" data-align=\"center\">&nbsp;<\/td><\/tr><tr><td><strong>\u00c9tica Profesional<\/strong><\/td><td class=\"has-text-align-center\" data-align=\"center\">Filosof\u00eda<\/td><\/tr><tr><td><strong>&nbsp;<\/strong><\/td><td class=\"has-text-align-center\" data-align=\"center\">&nbsp;<\/td><\/tr><tr><td><strong>Pr\u00e1ctica Profesional<\/strong><\/td><td class=\"has-text-align-center\" data-align=\"center\">Las materias de 1\u00ba y 2\u00ba a\u00f1o.<\/td><\/tr><tr><td><strong>&nbsp;<\/strong><\/td><td class=\"has-text-align-center\" data-align=\"center\"><strong><em>Para cursar Pr\u00e1ctica Profesional deber\u00e1 tener aprobado 1\u00ba a\u00f1o y \u00a0regularizado 2\u00ba a\u00f1o.<\/em><\/strong><\/td><\/tr><\/tbody><\/table><\/figure>\n\n\n\n<p><\/p>\n","protected":false},"excerpt":{"rendered":"<p>PARA RENDIR\u00a0 &nbsp; &nbsp; &nbsp; &nbsp; DEBE TENER APROBADA Econom\u00eda Agropecuaria I An\u00e1lisis Matem\u00e1tico &nbsp; Legislaci\u00f3n y Pol\u00edtica Agropecuaria &nbsp; &nbsp; Producci\u00f3n Agropecuaria II Producci\u00f3n Agropecuaria I &nbsp; &nbsp; Comercializaci\u00f3n Agropecuaria I Administraci\u00f3n General &nbsp; &nbsp; Probabilidad y Estad\u00edstica An\u00e1lisis Matem\u00e1tico &nbsp; &nbsp; Econom\u00eda Agropecuaria II Econom\u00eda Agropecuaria I &nbsp; &nbsp; Comercializaci\u00f3n Agropecuaria II Comercializaci\u00f3n &#8230; <a title=\"Correlatividades de T.S.Agronegocios\" class=\"read-more\" href=\"https:\/\/isp10-sfe.infd.edu.ar\/sitio\/correlatividades-de-t-s-agronegocios\/\" aria-label=\"More on Correlatividades de T.S.Agronegocios\">[+]<\/a><\/p>\n","protected":false},"author":193,"featured_media":0,"parent":0,"menu_order":0,"comment_status":"closed","ping_status":"closed","template":"","meta":[],"acf":[],"_links":{"self":[{"href":"https:\/\/isp10-sfe.infd.edu.ar\/sitio\/wp-json\/wp\/v2\/pages\/3284"}],"collection":[{"href":"https:\/\/isp10-sfe.infd.edu.ar\/sitio\/wp-json\/wp\/v2\/pages"}],"about":[{"href":"https:\/\/isp10-sfe.infd.edu.ar\/sitio\/wp-json\/wp\/v2\/types\/page"}],"author":[{"embeddable":true,"href":"https:\/\/isp10-sfe.infd.edu.ar\/sitio\/wp-json\/wp\/v2\/users\/193"}],"replies":[{"embeddable":true,"href":"https:\/\/isp10-sfe.infd.edu.ar\/sitio\/wp-json\/wp\/v2\/comments?post=3284"}],"version-history":[{"count":1,"href":"https:\/\/isp10-sfe.infd.edu.ar\/sitio\/wp-json\/wp\/v2\/pages\/3284\/revisions"}],"predecessor-version":[{"id":3285,"href":"https:\/\/isp10-sfe.infd.edu.ar\/sitio\/wp-json\/wp\/v2\/pages\/3284\/revisions\/3285"}],"wp:attachment":[{"href":"https:\/\/isp10-sfe.infd.edu.ar\/sitio\/wp-json\/wp\/v2\/media?parent=3284"}],"curies":[{"name":"wp","href":"https:\/\/api.w.org\/{rel}","templated":true}]}}