{"id":3471,"date":"2023-03-19T18:41:29","date_gmt":"2023-03-19T21:41:29","guid":{"rendered":"https:\/\/isp10-sfe.infd.edu.ar\/sitio\/?page_id=3471"},"modified":"2023-03-19T18:47:16","modified_gmt":"2023-03-19T21:47:16","slug":"correlatividades-de-t-s-turismo","status":"publish","type":"page","link":"https:\/\/isp10-sfe.infd.edu.ar\/sitio\/correlatividades-de-t-s-turismo\/","title":{"rendered":"Correlatividades de T.S.Turismo"},"content":{"rendered":"\n<figure class=\"wp-block-table aligncenter is-style-stripes\"><table><tbody><tr><td><strong>PARA RENDIR<\/strong><\/td><td><strong>DEBE TENER APROBADA<\/strong><\/td><\/tr><tr><td>Geograf\u00eda&nbsp; Argentina y Patrimonio Tur\u00edstico Nacional<\/td><td>&nbsp;Geograf\u00eda Tur\u00edstica y Patrimonio Hist\u00f3rico Regional &nbsp;<\/td><\/tr><tr><td>Ingl\u00e9s T\u00e9cnico II<\/td><td>Ingl\u00e9s T\u00e9cnico I<\/td><\/tr><tr><td>Franc\u00e9s T\u00e9cnico II<\/td><td>Franc\u00e9s T\u00e9cnico I<\/td><\/tr><tr><td>Gesti\u00f3n de Empresas Tur\u00edsticas, Legislaci\u00f3n y Marketing<\/td><td>Organizaci\u00f3n y Gesti\u00f3n de Empresas<\/td><\/tr><tr><td>Ecolog\u00eda II<\/td><td>Ecolog\u00eda I<\/td><\/tr><tr><td>Pr\u00e1ctica II<\/td><td>Pr\u00e1ctica I Introducci\u00f3n al turismo y Turismo Social<\/td><\/tr><tr><td>Geograf\u00eda, Patrimonio Tur\u00edstico Universal y Programaci\u00f3n de Circuitos Internacionales<\/td><td>Geograf\u00eda Argentina y Patrimonio hist\u00f3rico Nacional<\/td><\/tr><tr><td>Ecolog\u00eda III<\/td><td>Ecolog\u00eda II &nbsp;<\/td><\/tr><tr><td>Pr\u00e1ctica Profesional Dirigida<\/td><td>Pr\u00e1ctica II &nbsp;<\/td><\/tr><tr><td>Seminario de Integraci\u00f3n<\/td><td>Pr\u00e1ctica II Geograf\u00eda Argentina y Patrimonio Hist\u00f3rico Nacional<\/td><\/tr><\/tbody><\/table><\/figure>\n","protected":false},"excerpt":{"rendered":"<p>PARA RENDIR DEBE TENER APROBADA Geograf\u00eda&nbsp; Argentina y Patrimonio Tur\u00edstico Nacional &nbsp;Geograf\u00eda Tur\u00edstica y Patrimonio Hist\u00f3rico Regional &nbsp; Ingl\u00e9s T\u00e9cnico II Ingl\u00e9s T\u00e9cnico I Franc\u00e9s T\u00e9cnico II Franc\u00e9s T\u00e9cnico I Gesti\u00f3n de Empresas Tur\u00edsticas, Legislaci\u00f3n y Marketing Organizaci\u00f3n y Gesti\u00f3n de Empresas Ecolog\u00eda II Ecolog\u00eda I Pr\u00e1ctica II Pr\u00e1ctica I Introducci\u00f3n al turismo y Turismo &#8230; <a title=\"Correlatividades de T.S.Turismo\" class=\"read-more\" href=\"https:\/\/isp10-sfe.infd.edu.ar\/sitio\/correlatividades-de-t-s-turismo\/\" aria-label=\"More on Correlatividades de T.S.Turismo\">[+]<\/a><\/p>\n","protected":false},"author":193,"featured_media":0,"parent":0,"menu_order":0,"comment_status":"closed","ping_status":"closed","template":"","meta":[],"acf":[],"_links":{"self":[{"href":"https:\/\/isp10-sfe.infd.edu.ar\/sitio\/wp-json\/wp\/v2\/pages\/3471"}],"collection":[{"href":"https:\/\/isp10-sfe.infd.edu.ar\/sitio\/wp-json\/wp\/v2\/pages"}],"about":[{"href":"https:\/\/isp10-sfe.infd.edu.ar\/sitio\/wp-json\/wp\/v2\/types\/page"}],"author":[{"embeddable":true,"href":"https:\/\/isp10-sfe.infd.edu.ar\/sitio\/wp-json\/wp\/v2\/users\/193"}],"replies":[{"embeddable":true,"href":"https:\/\/isp10-sfe.infd.edu.ar\/sitio\/wp-json\/wp\/v2\/comments?post=3471"}],"version-history":[{"count":4,"href":"https:\/\/isp10-sfe.infd.edu.ar\/sitio\/wp-json\/wp\/v2\/pages\/3471\/revisions"}],"predecessor-version":[{"id":3479,"href":"https:\/\/isp10-sfe.infd.edu.ar\/sitio\/wp-json\/wp\/v2\/pages\/3471\/revisions\/3479"}],"wp:attachment":[{"href":"https:\/\/isp10-sfe.infd.edu.ar\/sitio\/wp-json\/wp\/v2\/media?parent=3471"}],"curies":[{"name":"wp","href":"https:\/\/api.w.org\/{rel}","templated":true}]}}