{"id":3898,"date":"2024-02-08T17:31:58","date_gmt":"2024-02-08T20:31:58","guid":{"rendered":"https:\/\/isp10-sfe.infd.edu.ar\/sitio\/?page_id=3898"},"modified":"2024-02-08T19:31:12","modified_gmt":"2024-02-08T22:31:12","slug":"resena-isp10%e2%94%82mateo-booz-%e2%94%82","status":"publish","type":"page","link":"https:\/\/isp10-sfe.infd.edu.ar\/sitio\/resena-isp10%e2%94%82mateo-booz-%e2%94%82\/","title":{"rendered":"Rese\u00f1a ISP10\u2502Mateo Booz \u2502"},"content":{"rendered":"\n<p class=\"has-base-3-color has-midnight-gradient-background has-text-color has-background has-large-font-size\"><strong> Rese\u00f1a ISP10\u2502Mateo Booz \u2502<\/strong><\/p>\n\n\n\n<figure class=\"wp-block-image size-large\"><img decoding=\"async\" loading=\"lazy\" width=\"1900\" height=\"854\" src=\"https:\/\/isp10-sfe.infd.edu.ar\/sitio\/wp-content\/uploads\/2024\/02\/isp10-fachada-del-mateo-booz-1900x854.jpg\" alt=\"\" class=\"wp-image-3905\" srcset=\"https:\/\/isp10-sfe.infd.edu.ar\/sitio\/wp-content\/uploads\/2024\/02\/isp10-fachada-del-mateo-booz-1900x854.jpg 1900w, https:\/\/isp10-sfe.infd.edu.ar\/sitio\/wp-content\/uploads\/2024\/02\/isp10-fachada-del-mateo-booz-1000x450.jpg 1000w, https:\/\/isp10-sfe.infd.edu.ar\/sitio\/wp-content\/uploads\/2024\/02\/isp10-fachada-del-mateo-booz-768x345.jpg 768w, https:\/\/isp10-sfe.infd.edu.ar\/sitio\/wp-content\/uploads\/2024\/02\/isp10-fachada-del-mateo-booz-1536x691.jpg 1536w, https:\/\/isp10-sfe.infd.edu.ar\/sitio\/wp-content\/uploads\/2024\/02\/isp10-fachada-del-mateo-booz-2048x921.jpg 2048w\" sizes=\"(max-width: 1900px) 100vw, 1900px\" \/><\/figure>\n\n\n\n<p>Nuestro instituto se origina a partir de la Ley Provincial N\u00b0 5709, en noviembre de 1964. Se crea, inicialmente, como escuela Normal Provincial N\u00b0 11, con el mandato fundacional de formar docentes que atiendan las necesidades del departamento Garay.<\/p>\n\n\n\n<p>&nbsp;En 1980, el Departamento de Ense\u00f1anza Superior se constituye en unidad acad\u00e9mica independiente denominada Instituto Superior de Porfesorado N\u00b0 10 \u00abMateo Booz\u00bb.<\/p>\n\n\n\n<p class=\"has-text-align-left\">El \u00e1rea de influencia del Instituto comenz\u00f3 siendo casi todo el departamento Garay. En la actualidad, recibe estudiantes de los departamentos Garay, San Javier, San Justo y La Capital y una vez terminada su formaci\u00f3n como profesionales se insertan en el mundo laboral tanto en el \u00e1mbito p\u00fablico como privado. Actualmente la oferta acad\u00e9mica del ISP N\u00ba10 para la regi\u00f3n, en la sede central de la localidad de &nbsp;Helvecia ( cabecera del departamento Garay), se dictan los profesorados de Educaci\u00f3n Primaria y de Secundaria con orientaci\u00f3n en biolog\u00eda y dos Tecnicaturas Superiores en Agronegocios y Turismo y dispones de dos sedes de extensi\u00f3n \u00e1ulica una en la localidad de Santa Rosa de Calchines que se dictan dos Tecnicaturas Superiores en Hoteler\u00eda y en Gesti\u00f3n Gastron\u00f3mica y la ultima sede en la ciudad de Santa Fe con la Tecnicatura Superior en Turismo<\/p>\n\n\n\n<p>&nbsp;<strong>\u00bfQui\u00e9n fue Mateo Booz\u00bb&nbsp;<\/strong><\/p>\n\n\n\n<h5 class=\"wp-block-heading\"><em><strong>Mateo Booz es el seud\u00f3nimo de Miguel Angel Correa, uno de los escritores m\u00e1s destacados de nuestros pa\u00eds. Cuent\u00edsta del nivel de Jorge Luis Borges y Horacio Quiroga, adem\u00e1s de periodista y pol\u00edtico. Naci\u00f3 en la ciudad de Rosario, el 7 de agosto de 1881; en 1911 llega a la ciudad de Santa Fe para quedarse e ir ocupando, sucesivamente, varios cargos p\u00fablicos.&nbsp;En 1920&nbsp;deja el periodismo profesional, que tambi\u00e9n ejerc\u00eda, y se dedica de lleno a la narraci\u00f3n literaria (cuentos y novelas). Entre sus obras, destacan:&nbsp;&nbsp;<a href=\"https:\/\/www.google.com.ar\/search?espv=2&amp;biw=1280&amp;bih=670&amp;q=mateo+booz+santa+f%C3%A9,+mi+pais&amp;stick=H4sIAAAAAAAAAOPgE-LWT9c3NDIqTjdIjlfiAXEMjctLLNLKzbSkspOt9JPy87P1E0tLMvKLrEDsYoX8vJxKALmvIzs5AAAA&amp;sa=X&amp;ved=0ahUKEwjjspXiwbjTAhWEkpAKHZhKDfwQmxMIpgEoATAP\">Santa F\u00e9, mi pais<\/a>,&nbsp;<a href=\"https:\/\/www.google.com.ar\/search?espv=2&amp;biw=1280&amp;bih=670&amp;q=El+Cambaranga&amp;stick=H4sIAAAAAAAAAOPgE-LWT9c3NDIqTjdIjlfiAXOScnMrC4zNtKSyk630k_Lzs_UTS0sy8ousQOxihfy8nEoAno3hjjkAAAA&amp;sa=X&amp;ved=0ahUKEwjjspXiwbjTAhWEkpAKHZhKDfwQmxMIpwEoAjAP\">El Cambaranga<\/a>,&nbsp;<a href=\"https:\/\/www.google.com.ar\/search?espv=2&amp;biw=1280&amp;bih=670&amp;q=ciudad+cambi%C3%B3+la+voz:+novela&amp;stick=H4sIAAAAAAAAAOPgE-LWT9c3NDIqTjdIjlfiAXEMjasKc4sN07SkspOt9JPy87P1E0tLMvKLrEDsYoX8vJxKAHrlY805AAAA&amp;sa=X&amp;ved=0ahUKEwjjspXiwbjTAhWEkpAKHZhKDfwQmxMIqAEoAzAP\">La ciudad cambi\u00f3 la voz<\/a>;&nbsp;<a href=\"https:\/\/www.google.com.ar\/search?espv=2&amp;biw=1280&amp;bih=670&amp;q=Pueblos+%3B+Islas+%3B+Campos+y+selvas&amp;stick=H4sIAAAAAAAAAOPgE-LWT9c3NDIqTjdIjlfiAXEykguMCpPzcrWkspOt9JPy87P1E0tLMvKLrEDsYoX8vJxKALC03eI5AAAA&amp;sa=X&amp;ved=0ahUKEwjjspXiwbjTAhWEkpAKHZhKDfwQmxMIqQEoBDAP\">Pueblos, Islas ; Campos y selvas<\/a>,&nbsp;<a href=\"https:\/\/www.google.com.ar\/search?espv=2&amp;biw=1280&amp;bih=670&amp;q=Ciudades&amp;stick=H4sIAAAAAAAAAOPgE-LWT9c3NDIqTjdIjlfiAXEM4yvNcyrjTbSkspOt9JPy87P1E0tLMvKLrEDsYoX8vJxKAHpSxhs5AAAA&amp;sa=X&amp;ved=0ahUKEwjjspXiwbjTAhWEkpAKHZhKDfwQmxMIqgEoBTAP\">Ciudades<\/a>;&nbsp;La mariposa quemada&nbsp;y&nbsp;Tres lagunas. Otras de sus obras m\u00e1s conocidas son:&nbsp;Aleluyas del Brigadier,&nbsp;Soldados y almaceneros,&nbsp;Aquella noche de Corpus,&nbsp;El tropel,&nbsp;La ciudad cambi\u00f3 de voz,&nbsp;Gente del litoral. &nbsp;La pel\u00edcula Los inundados, dirigida por Fernando Birri, est\u00e1 basada en una obra de Mateo Booz.&nbsp;<\/strong><\/em><\/h5>\n\n\n\n<h5 class=\"wp-block-heading has-text-align-right\">Miguel Angel Correa muri\u00f3 el 16 de mayo de 1943<\/h5>\n","protected":false},"excerpt":{"rendered":"<p>Rese\u00f1a ISP10\u2502Mateo Booz \u2502 Nuestro instituto se origina a partir de la Ley Provincial N\u00b0 5709, en noviembre de 1964. Se crea, inicialmente, como escuela Normal Provincial N\u00b0 11, con el mandato fundacional de formar docentes que atiendan las necesidades del departamento Garay. &nbsp;En 1980, el Departamento de Ense\u00f1anza Superior se constituye en unidad acad\u00e9mica &#8230; <a title=\"Rese\u00f1a ISP10\u2502Mateo Booz \u2502\" class=\"read-more\" href=\"https:\/\/isp10-sfe.infd.edu.ar\/sitio\/resena-isp10%e2%94%82mateo-booz-%e2%94%82\/\" aria-label=\"More on Rese\u00f1a ISP10\u2502Mateo Booz \u2502\">[+]<\/a><\/p>\n","protected":false},"author":193,"featured_media":0,"parent":0,"menu_order":0,"comment_status":"closed","ping_status":"closed","template":"","meta":[],"acf":[],"_links":{"self":[{"href":"https:\/\/isp10-sfe.infd.edu.ar\/sitio\/wp-json\/wp\/v2\/pages\/3898"}],"collection":[{"href":"https:\/\/isp10-sfe.infd.edu.ar\/sitio\/wp-json\/wp\/v2\/pages"}],"about":[{"href":"https:\/\/isp10-sfe.infd.edu.ar\/sitio\/wp-json\/wp\/v2\/types\/page"}],"author":[{"embeddable":true,"href":"https:\/\/isp10-sfe.infd.edu.ar\/sitio\/wp-json\/wp\/v2\/users\/193"}],"replies":[{"embeddable":true,"href":"https:\/\/isp10-sfe.infd.edu.ar\/sitio\/wp-json\/wp\/v2\/comments?post=3898"}],"version-history":[{"count":10,"href":"https:\/\/isp10-sfe.infd.edu.ar\/sitio\/wp-json\/wp\/v2\/pages\/3898\/revisions"}],"predecessor-version":[{"id":3963,"href":"https:\/\/isp10-sfe.infd.edu.ar\/sitio\/wp-json\/wp\/v2\/pages\/3898\/revisions\/3963"}],"wp:attachment":[{"href":"https:\/\/isp10-sfe.infd.edu.ar\/sitio\/wp-json\/wp\/v2\/media?parent=3898"}],"curies":[{"name":"wp","href":"https:\/\/api.w.org\/{rel}","templated":true}]}}